s -10 + -107?
-117
In base 9, what is -2 - 476?
-478
In base 5, what is 3443 - 0?
3443
In base 3, what is 120 + -22?
21
In base 13, what is 2 - -3648?
364a
In base 11, what is -246 - 2?
-248
In base 7, what is 3 + 462?
465
In base 9, what is 10 - -21?
31
In base 6, what is -2210 + -1?
-2211
In base 4, what is 11 - 131?
-120
In base 13, what is -1c6 + -37?
-230
In base 3, what is 2102 + 12?
2121
In base 3, what is -11220 + 11?
-11202
In base 8, what is 20 - -46?
66
In base 12, what is -1 - 20?
-21
In base 4, what is 10 + 110001?
110011
In base 8, what is -25 - -16?
-7
In base 2, what is 10100101 + 10?
10100111
In base 9, what is 28375 + 0?
28375
In base 2, what is -1100011 - 11?
-1100110
In base 3, what is 111120021 + 12?
111120110
In base 11, what is 128 + -2?
126
In base 11, what is -12a - 2?
-131
In base 9, what is -40 - 266?
-316
In base 10, what is -33 + 5?
-28
In base 3, what is 100 + 2011201?
2012001
In base 14, what is 2b + -1?
2a
In base 7, what is 1 - -34336?
34340
In base 13, what is 1504 + 4?
1508
In base 14, what is 0 - -44?
44
In base 2, what is 1010100000110 + 101?
1010100001011
In base 5, what is 2 - 224?
-222
In base 8, what is -1220 - 3?
-1223
In base 6, what is 22524 + 1?
22525
In base 13, what is 8 + c?
17
In base 3, what is 102110 + -10?
102100
In base 3, what is -22121 - -1110?
-21011
In base 10, what is 5 + 156?
161
In base 16, what is -1e46 + 3?
-1e43
In base 2, what is 111 - -11010000?
11010111
In base 14, what is 20a5 - 3?
20a2
In base 10, what is -5 + -258?
-263
In base 14, what is 2 + 2817?
2819
In base 12, what is 1 - 47?
-46
In base 11, what is -23 - -98?
75
In base 14, what is -144 - 3?
-147
In base 10, what is 585 - 5?
580
In base 2, what is 1100011 - 1001000?
11011
In base 4, what is 2 - -3?
11
In base 2, what is 100011 - 0?
100011
In base 11, what is 139 + -2?
137
In base 6, what is 1044 + -140?
504
In base 10, what is -1 + -72?
-73
In base 6, what is -5 - 35520?
-35525
In base 2, what is 11001011110 - -11?
11001100001
In base 5, what is 3 + 404?
412
In base 4, what is -10300 + 1?
-10233
In base 15, what is 36d - -5?
373
In base 2, what is -101 - 111010010?
-111010111
In base 2, what is -11010111 + 10000?
-11000111
In base 8, what is 121 - -3?
124
In base 8, what is -12 + 107?
75
In base 12, what is 2 + a7?
a9
In base 2, what is 11011 - -10000?
101011
In base 13, what is -16 + 224?
20b
In base 6, what is -1155 - 4?
-1203
In base 5, what is 234 - 1334?
-1100
In base 12, what is -445 + -3?
-448
In base 3, what is 10202 - 2?
10200
In base 10, what is 1 - 83?
-82
In base 11, what is -2 + -935?
-937
In base 8, what is 4 + -127?
-123
In base 9, what is 12 + -410?
-387
In base 13, what is 1 - -1449?
144a
In base 13, what is -5 + -1173?
-1178
In base 12, what is -2 - -a93?
a91
In base 10, what is -1 - 52?
-53
In base 8, what is 0 - 3007?
-3007
In base 4, what is -11 - -1020330?
1020313
In base 9, what is -1034 + 1?
-1033
In base 5, what is 3 - -2143?
2201
In base 11, what is 2 + 172?
174
In base 4, what is 0 - -10311?
10311
In base 11, what is 5 - 161?
-157
In base 3, what is -101112 + -2?
-101121
In base 14, what is -c + 1a7?
199
In base 8, what is 364 - -1?
365
In base 12, what is -5 + -a4?
-a9
In base 2, what is 110001000101010 + 11?
110001000101101
In base 13, what is -45 - 5?
-4a
In base 8, what is 3750 - -5?
3755
In base 7, what is 103 - -35?
141
In base 10, what is 4 - 180?
-176
In base 15, what is -64e + 2?
-64c
In base 14, what is -8b + -27?
-b4
In base 8, what is 12 - 3?
7
In base 11, what is -45 + 8?
-38
In base 15, what is -2673 + 3?
-2670
In base 3, what is -21 - 12202220?
-12210011
In base 15, what is -1a + 10?
-a
In base 4, what is 2033 + 0?
2033
In base 2, what is 10 + 100001?
100011
In base 16, what is 456 - -3?
459
In base 4, what is 3220 - -2?
3222
In base 12, what is -5 - -48?
43
In base 8, what is 6 - -10161?
10167
In base 13, what is -18 + -2?
-1a
In base 7, what is -5 + 2325?
2320
In base 16, what is -308 - -2?
-306
In base 16, what is 7 - -f?
16
In base 11, what is -2886 + -5?
-2890
In base 13, what is -5 + -14a?
-152
In base 2, what is 100000 + 1110111010?
1111011010
In base 3, what is 1122022200 + -2?
1122022121
In base 15, what is 2d + -2b?
2
In base 9, what is 6 + -161?
-154
In base 10, what is 4 + 7?
11
In base 5, what is -3413 - 123?
-4041
In base 10, what is 205 + -3?
202
In base 2, what is 100100 + 10001111?
10110011
In base 7, what is 15435 - -2?
15440
In base 16, what is -a6 - 6?
-ac
In base 4, what is -11 + -121021?
-121032
In base 4, what is -30 + 3102?
3012
In base 2, what is 1010111 - -100?
1011011
In base 7, what is -21413 + -3?
-21416
In base 6, what is -1031 + -105?
-1140
In base 4, what is -331 - -33?
-232
In base 9, what is -4 - 42?
-46
In base 14, what is 1 - -99?
9a
In base 16, what is 1 - 100?
-ff
In base 14, what is 104d + 2?
1051
In base 9, what is 3 - -3242?
3245
In base 9, what is 2 + -554?
-552
In base 11, what is 5 - -1059?
1063
In base 2, what is 10111 - -11111?
110110
In base 8, what is -171 + 4?
-165
In base 8, what is 3 - -110?
113
In base 4, what is 0 - -311?
311
In base 3, what is 12001212 - 12?
12001200
In base 9, what is 5 - -7504?
7510
In base 3, what is -1201 - -11?
-1120
In base 16, what is -129 + 4?
-125
In base 3, what is 2100021 - -11?
2100102
In base 2, what is -11 - 10101110?
-10110001
In base 11, what is 3 - 454?
-451
In base 3, what is 0 - -1100?
1100
In base 4, what is 1121 + -31?
1030
In base 3, what is 22 - -101?
200
In base 10, what is -48 - -74?
26
In base 11, what is 77 + 37?
103
In base 13, what is -8 + 199?
191
In base 2, what is -100011100 + -100?
-100100000
In base 14, what is 1 + -112a?
-1129
In base 15, what is d - 10?
-2
In base 5, what is -343 + 10?
-333
In base 14, what is -274 + 0?
-274
In base 9, what is -5 + -17?
-23
In base 11, what is -181 + 1?
-180
In base 3, what is 10 + 22221?
100001
In base 14, what is 11 + -8?
7
In base 5, what is -4 + 1?
-3
In base 14, what is -39 - 69?
-a4
In base 16, what is cb1 + 5?
cb6
In base 5, what is -33 - -4?
-24
In base 16, what is -5f00 - 3?
-5f03
In base 3, what is 112 + -12211?
-12022
In base 8, what is -5 - 45?
-52
In base 12, what is -4142 + -4?
-4146
In base 9, what is -802 + -3?
-805
In base 8, what is 3316 + -3?
3313
In base 13, what is -4 - 109?
-110
In base 16, what is -2 + 410?
40e
In base 12, what is 1a0b + -14?
19b7
In base 7, what is -23420 - 5?
-23425
In base 7, what is -12 - -14?
2
In base 5, what is -20023 - 2?
-20030
In base 2, what is 10 - 1000101111010?
-1000101111000
In base 6, what is 0 - -15201?
15201
In base 14, what is 803 + 4?
807
In base 5, what is 10 + 10421?
10431
In base 3, what is -11 + -11201?
-11212
In base 5, what is 110 + 1?
111
In base 5, what is 1 - 22?
-21
In base 14, what is 27a + -3?
277
In base 8, what is -1507 - 4?
-1513
In base 9, what is -53 - -178?
125
In base 5, what is 2041 + 10?
2101
In base 6, what is 144 + 3?
151
In base 12, what is -1 + 236?
235
In base 12, what is -1a6 + -3?
-1a9
In base 15, what is 2 - -d?
10
In base 15, what is 232 - 5?
22c
In base 8, what is -3 + -3240?
-3243
In base 6, what is 1 - -405?
410
In base 7, what is -4 - -103?
66
In base 7, what is 4141 + 0?
4141
In base 11, what is a7 - -25?
121
In base 7, what is 6455 + 5?
6463
In base 7, what is -5 + 101?
63
In base 13, what is 130 + -c?
121
In base 9, what is -1 + -20?
-21
In base 9, what is 0 - 66?
-66
In base 2, what is -1101011 - -10010?
-1011001
In base 4, what is 22 - -132?
220
In base 9, what is 1 - 56?
-55
In base 6, what is -3 - -151?
144
In base 2, what is -10 + -101000?
-101010
In base 8, what is -3641 - -5?
-3634
In base 11, what is 0 - 117?
-117
In base 3, what is -10 - -10120?
10110
In base 7, what is -10 - -535?
525
In base 11, what is -2 - -a0?
99
In base 9, what is 32 - 3?
28
In base 8, what is 2 + 241?
243
In base 6, what is 133 + 5?
142
In base 6, what is 2201 + -55?
2102
In base 11, what is -5 + -867?
-871
In base 13, what is -6a0a + -4?
-6a11
In base 5, what is 4321 - -2?
4323
In base 7, what is -24 + -41?
-65
In base 13, what is 37c + -2?
37a
In base 4, what is 11 + 1012?
1023
In base 9, what is 142 + -1?
141
In base 14, what is 9 - 5?
4
In base 9, what is -837 - -5?
-832
In base 13, what is 11ab + -1?
11aa
In base 12, what is -555 + -2?
-557
In base 15,